{"id":29,"date":"2021-07-02T06:55:45","date_gmt":"2021-07-02T06:55:45","guid":{"rendered":"http:\/\/www.prepojene.sk\/?page_id=29"},"modified":"2025-09-03T11:33:10","modified_gmt":"2025-09-03T11:33:10","slug":"vyjadrovani","status":"publish","type":"page","link":"https:\/\/www.suptel.cz\/index.php\/vyjadrovani\/","title":{"rendered":"Vyjad\u0159ov\u00e1n\u00ed"},"content":{"rendered":"<div data-colibri-id=\"29-c1\" class=\"style-732 style-local-29-c1 position-relative\">\n  <!---->\n  <div data-colibri-component=\"section\" data-colibri-id=\"29-c2\" id=\"custom\" class=\"h-section h-section-global-spacing d-flex align-items-lg-center align-items-md-center align-items-center style-940 style-local-29-c2 position-relative\">\n    <!---->\n    <!---->\n    <div class=\"h-section-grid-container h-section-boxed-container\">\n      <!---->\n      <div data-colibri-id=\"29-c3\" class=\"h-row-container gutters-row-lg-2 gutters-row-md-2 gutters-row-0 gutters-row-v-lg-2 gutters-row-v-md-2 gutters-row-v-2 style-941 style-local-29-c3 position-relative\">\n        <!---->\n        <div class=\"h-row justify-content-lg-center justify-content-md-center justify-content-center align-items-lg-stretch align-items-md-stretch align-items-stretch gutters-col-lg-2 gutters-col-md-2 gutters-col-0 gutters-col-v-lg-2 gutters-col-v-md-2 gutters-col-v-2\">\n          <!---->\n          <div class=\"h-column h-column-container d-flex h-col-lg-auto h-col-md-auto h-col-auto style-942-outer style-local-29-c4-outer\">\n            <div data-colibri-id=\"29-c4\" class=\"d-flex h-flex-basis h-column__inner h-px-lg-2 h-px-md-2 h-px-2 v-inner-lg-2 v-inner-md-2 v-inner-2 style-942 style-local-29-c4 position-relative\">\n              <!---->\n              <!---->\n              <div class=\"w-100 h-y-container h-column__content h-column__v-align flex-basis-100 align-self-lg-start align-self-md-start align-self-start\">\n                <!---->\n                <div data-colibri-id=\"29-c5\" class=\"h-text h-text-component style-3639 style-local-29-c5 position-relative h-element\">\n                  <!---->\n                  <!---->\n                  <div class=\"\">\n                    <p><strong>N\u00e1sleduj\u00edc\u00ed informace se t\u00fdkaj\u00ed vyjad\u0159ov\u00e1n\u00ed v&nbsp;\u010cesk\u00e9 republice<\/strong>, informace pro Slovensko\n                      <a href=\"https:\/\/www.suptel.cz\/index.php\/vyjadrovanie-3\">jsou zde<\/a>.<\/p>\n                    <h3>VYJ\u00c1D\u0158EN\u00cd K&nbsp;EXISTENCI TECHNICK\u00c9 INFRASTRUKTURY<\/h3>\n                    <p>Na z\u00e1klad\u011b \u00a7 168 odst. B),&nbsp; z\u00e1kona \u010d\u00edslo 283\/2021 Sb., stavebn\u00ed z\u00e1kon spole\u010dnost SUPTel a.s. vyd\u00e1v\u00e1 vyj\u00e1d\u0159en\u00ed k&nbsp;existenci technick\u00e9 infrastruktury. Na vy\u017e\u00e1d\u00e1n\u00ed stavebn\u00edka (stavebn\u00edho \u00fa\u0159adu apod.) jsou vyd\u00e1v\u00e1na dle jednotliv\u00fdch\n                      \u017e\u00e1dost\u00ed vyj\u00e1d\u0159en\u00ed k&nbsp;s\u00edti a za\u0159\u00edzen\u00ed elektronick\u00fdch komunikac\u00ed ve vlastnictv\u00ed SUPTel a.s. <\/p>\n                    <p>Vyj\u00e1d\u0159en\u00ed vystavuje na z\u00e1klad\u011b pov\u011b\u0159en\u00ed spole\u010dnost SUPTel &#8211; PROJEKT s.r.o. .<\/p>\n                    <p>Koresponden\u010dn\u00ed adresa pro zas\u00edl\u00e1n\u00ed \u017e\u00e1dost\u00ed o&nbsp;vyj\u00e1d\u0159en\u00ed:<\/p>\n                    <p><strong>SUPTel-PROJEKT s.r.o.&nbsp;<\/strong>H\u0159bitovn\u00ed 1322\/15312 00&nbsp;Plze\u0148<\/p>\n                    <h3>Dal\u0161\u00ed kontaktn\u00ed \u00fadaje:<\/h3>\n                    <p>Tel.: 373&nbsp;301&nbsp;301&nbsp; &nbsp; &nbsp;\n                      <a href=\"mailto:vyjadrovani@suptel.cz\">vyjadrovani@suptel.cz<\/a>\n                    <\/p>\n                    <p>N\u00e1klady spojen\u00e9 se zaji\u0161t\u011bn\u00edm vyj\u00e1d\u0159en\u00ed k&nbsp;existenci technick\u00e9 infrastruktury:<\/p>\n                    <p>vyj\u00e1d\u0159en\u00ed 300,\u2013 K\u010d bez DPH (363,- K\u010d s&nbsp;DPH)<\/p>\n                    <p>Pokud nen\u00ed faktura\u010dn\u00ed adresa shodn\u00e1 s&nbsp;adresou \u017eadatele, uv\u00e1d\u011bjte v&nbsp;\u017e\u00e1dosti i&nbsp;adresu faktura\u010dn\u00ed.<\/p>\n                    <p>\n                      <br>\n                    <\/p>\n                  <\/div>\n                <\/div>\n              <\/div>\n            <\/div>\n          <\/div>\n        <\/div>\n      <\/div>\n    <\/div>\n  <\/div>\n  <div data-colibri-component=\"section\" data-colibri-id=\"29-c6\" id=\"reusable-sections\" class=\"h-section h-section-global-spacing d-flex align-items-lg-start align-items-md-start align-items-start style-3206 style-local-29-c6 position-relative\">\n    <!---->\n    <!---->\n    <div class=\"h-section-grid-container h-section-boxed-container\">\n      <div data-colibri-id=\"29-c11\" class=\"h-row-container gutters-row-lg-1 gutters-row-md-1 gutters-row-0 gutters-row-v-lg-1 gutters-row-v-md-1 gutters-row-v-1 style-3211 style-local-29-c11 position-relative\">\n        <!---->\n        <div class=\"h-row justify-content-lg-center justify-content-md-center justify-content-center align-items-lg-stretch align-items-md-stretch align-items-stretch gutters-col-lg-1 gutters-col-md-1 gutters-col-0 gutters-col-v-lg-1 gutters-col-v-md-1 gutters-col-v-1\">\n          <!---->\n          <div class=\"h-column h-column-container d-flex h-col-lg-auto h-col-md-auto h-col-auto style-3212-outer style-local-29-c12-outer\">\n            <div data-colibri-id=\"29-c12\" class=\"d-flex h-flex-basis h-column__inner h-px-lg-1 h-px-md-1 h-px-1 v-inner-lg-1 v-inner-md-1 v-inner-1 style-3212 style-local-29-c12 position-relative\">\n              <!---->\n              <!---->\n              <div class=\"w-100 h-y-container h-column__content h-column__v-align flex-basis-100 align-self-lg-start align-self-md-start align-self-start\">\n                <!---->\n                <div data-colibri-id=\"29-c13\" class=\"h-global-transition-all h-heading style-3213 style-local-29-c13 position-relative h-element\">\n                  <!---->\n                  <div class=\"h-heading__outer style-3213 style-local-29-c13\">\n                    <!---->\n                    <!---->\n                    <h3 class=\"\">PARTNE\u0158I<\/h3>\n                  <\/div>\n                <\/div>\n              <\/div>\n            <\/div>\n          <\/div>\n        <\/div>\n      <\/div>\n      <div data-colibri-id=\"29-c7\" class=\"h-row-container gutters-row-lg-0 gutters-row-md-0 gutters-row-0 gutters-row-v-lg-0 gutters-row-v-md-0 gutters-row-v-0 style-3207 style-local-29-c7 position-relative\">\n        <!---->\n        <div class=\"h-row justify-content-lg-center justify-content-md-center justify-content-center align-items-lg-stretch align-items-md-stretch align-items-stretch gutters-col-lg-0 gutters-col-md-0 gutters-col-0 gutters-col-v-lg-0 gutters-col-v-md-0 gutters-col-v-0\">\n          <!---->\n          <div class=\"h-column h-column-container d-flex h-col-lg-12 h-col-md-12 h-col-12 style-3208-outer style-local-29-c8-outer\">\n            <div data-colibri-id=\"29-c8\" class=\"d-flex h-flex-basis h-column__inner h-px-lg-0 h-px-md-0 h-px-0 v-inner-lg-0 v-inner-md-0 v-inner-0 style-3208 style-local-29-c8 position-relative\">\n              <!---->\n              <!---->\n              <div class=\"w-100 h-y-container h-column__content h-column__v-align flex-basis-100 align-self-lg-start align-self-md-start align-self-start\">\n                <!---->\n                <div data-colibri-id=\"29-c9\" class=\"d-block style-3209 style-local-29-c9 position-relative h-element\">\n                  <!---->\n                  <div class=\"h-image__frame-container-outer\">\n                    <div class=\"h-image__frame-container\">\n                      <!---->\n                      <!---->\n                      <img loading=\"lazy\" decoding=\"async\" width=\"1479\" height=\"158\" src=\"http:\/\/www.suptel.cz\/wp-content\/uploads\/2021\/07\/partneri-1.png\" class=\"wp-image-606 style-3209-image style-local-29-c9-image\" alt=\"\" srcset=\"https:\/\/www.suptel.cz\/wp-content\/uploads\/2021\/07\/partneri-1.png 1479w, https:\/\/www.suptel.cz\/wp-content\/uploads\/2021\/07\/partneri-1-300x32.png 300w, https:\/\/www.suptel.cz\/wp-content\/uploads\/2021\/07\/partneri-1-1024x109.png 1024w, https:\/\/www.suptel.cz\/wp-content\/uploads\/2021\/07\/partneri-1-768x82.png 768w\" sizes=\"auto, (max-width: 1479px) 100vw, 1479px\" \/>\n                      <div class=\"h-image__frame h-hide-lg h-hide-md h-hide-sm style-3209-frameImage style-local-29-c9-frameImage\"><\/div>\n                    <\/div>\n                  <\/div>\n                <\/div>\n              <\/div>\n            <\/div>\n          <\/div>\n          <div class=\"h-column h-column-container d-flex h-col-lg-12 h-col-md-12 h-col-12 style-3210-outer style-local-29-c10-outer\">\n            <div data-colibri-id=\"29-c10\" class=\"d-flex h-flex-basis h-column__inner h-ui-empty-state-container h-px-lg-0 h-px-md-0 h-px-0 v-inner-lg-0 v-inner-md-0 v-inner-0 style-3210 style-local-29-c10 position-relative\">\n              <!---->\n              <!---->\n              <div class=\"w-100 h-y-container h-column__content h-column__v-align flex-basis-100\">\n                <!---->\n              <\/div>\n            <\/div>\n          <\/div>\n        <\/div>\n      <\/div>\n    <\/div>\n  <\/div>\n<\/div>","protected":false},"excerpt":{"rendered":"<p>N\u00e1sleduj\u00edc\u00ed informace se t\u00fdkaj\u00ed vyjad\u0159ov\u00e1n\u00ed v&nbsp;\u010cesk\u00e9 republice, informace pro Slovensko jsou zde. VYJ\u00c1D\u0158EN\u00cd K&nbsp;EXISTENCI TECHNICK\u00c9 INFRASTRUKTURY Na z\u00e1klad\u011b \u00a7 168 odst. B),&nbsp; z\u00e1kona \u010d\u00edslo 283\/2021 Sb., stavebn\u00ed z\u00e1kon spole\u010dnost SUPTel a.s. vyd\u00e1v\u00e1 vyj\u00e1d\u0159en\u00ed k&nbsp;existenci technick\u00e9 infrastruktury. Na vy\u017e\u00e1d\u00e1n\u00ed stavebn\u00edka (stavebn\u00edho \u00fa\u0159adu apod.) jsou vyd\u00e1v\u00e1na dle jednotliv\u00fdch \u017e\u00e1dost\u00ed vyj\u00e1d\u0159en\u00ed k&nbsp;s\u00edti a za\u0159\u00edzen\u00ed elektronick\u00fdch komunikac\u00ed ve vlastnictv\u00ed [&hellip;]<\/p>\n","protected":false},"author":1,"featured_media":0,"parent":0,"menu_order":0,"comment_status":"closed","ping_status":"closed","template":"page-templates\/full-width-page.php","meta":{"footnotes":""},"class_list":["post-29","page","type-page","status-publish","hentry"],"yoast_head":"<!-- This site is optimized with the Yoast SEO plugin v27.4 - https:\/\/yoast.com\/product\/yoast-seo-wordpress\/ -->\n<title>Vyjad\u0159ov\u00e1n\u00ed - suptel.cz<\/title>\n<meta name=\"robots\" content=\"index, follow, max-snippet:-1, max-image-preview:large, max-video-preview:-1\" \/>\n<link rel=\"canonical\" href=\"https:\/\/www.suptel.cz\/index.php\/vyjadrovani\/\" \/>\n<meta property=\"og:locale\" content=\"cs_CZ\" \/>\n<meta property=\"og:type\" content=\"article\" \/>\n<meta property=\"og:title\" content=\"Vyjad\u0159ov\u00e1n\u00ed - suptel.cz\" \/>\n<meta property=\"og:description\" content=\"N\u00e1sleduj\u00edc\u00ed informace se t\u00fdkaj\u00ed vyjad\u0159ov\u00e1n\u00ed v&nbsp;\u010cesk\u00e9 republice, informace pro Slovensko jsou zde. VYJ\u00c1D\u0158EN\u00cd K&nbsp;EXISTENCI TECHNICK\u00c9 INFRASTRUKTURY Na z\u00e1klad\u011b \u00a7 168 odst. B),&nbsp; z\u00e1kona \u010d\u00edslo 283\/2021 Sb., stavebn\u00ed z\u00e1kon spole\u010dnost SUPTel a.s. vyd\u00e1v\u00e1 vyj\u00e1d\u0159en\u00ed k&nbsp;existenci technick\u00e9 infrastruktury. Na vy\u017e\u00e1d\u00e1n\u00ed stavebn\u00edka (stavebn\u00edho \u00fa\u0159adu apod.) jsou vyd\u00e1v\u00e1na dle jednotliv\u00fdch \u017e\u00e1dost\u00ed vyj\u00e1d\u0159en\u00ed k&nbsp;s\u00edti a za\u0159\u00edzen\u00ed elektronick\u00fdch komunikac\u00ed ve vlastnictv\u00ed [&hellip;]\" \/>\n<meta property=\"og:url\" content=\"https:\/\/www.suptel.cz\/index.php\/vyjadrovani\/\" \/>\n<meta property=\"og:site_name\" content=\"suptel.cz\" \/>\n<meta property=\"article:modified_time\" content=\"2025-09-03T11:33:10+00:00\" \/>\n<meta property=\"og:image\" content=\"https:\/\/www.suptel.cz\/wp-content\/uploads\/2021\/07\/partneri-1.png\" \/>\n\t<meta property=\"og:image:width\" content=\"1479\" \/>\n\t<meta property=\"og:image:height\" content=\"158\" \/>\n\t<meta property=\"og:image:type\" content=\"image\/png\" \/>\n<meta name=\"twitter:card\" content=\"summary_large_image\" \/>\n<meta name=\"twitter:label1\" content=\"Odhadovan\u00e1 doba \u010dten\u00ed\" \/>\n\t<meta name=\"twitter:data1\" content=\"1 minuta\" \/>\n<script type=\"application\/ld+json\" class=\"yoast-schema-graph\">{\"@context\":\"https:\\\/\\\/schema.org\",\"@graph\":[{\"@type\":\"WebPage\",\"@id\":\"https:\\\/\\\/www.suptel.cz\\\/index.php\\\/vyjadrovani\\\/\",\"url\":\"https:\\\/\\\/www.suptel.cz\\\/index.php\\\/vyjadrovani\\\/\",\"name\":\"Vyjad\u0159ov\u00e1n\u00ed - suptel.cz\",\"isPartOf\":{\"@id\":\"https:\\\/\\\/www.suptel.cz\\\/#website\"},\"primaryImageOfPage\":{\"@id\":\"https:\\\/\\\/www.suptel.cz\\\/index.php\\\/vyjadrovani\\\/#primaryimage\"},\"image\":{\"@id\":\"https:\\\/\\\/www.suptel.cz\\\/index.php\\\/vyjadrovani\\\/#primaryimage\"},\"thumbnailUrl\":\"http:\\\/\\\/www.suptel.cz\\\/wp-content\\\/uploads\\\/2021\\\/07\\\/partneri-1.png\",\"datePublished\":\"2021-07-02T06:55:45+00:00\",\"dateModified\":\"2025-09-03T11:33:10+00:00\",\"breadcrumb\":{\"@id\":\"https:\\\/\\\/www.suptel.cz\\\/index.php\\\/vyjadrovani\\\/#breadcrumb\"},\"inLanguage\":\"cs\",\"potentialAction\":[{\"@type\":\"ReadAction\",\"target\":[\"https:\\\/\\\/www.suptel.cz\\\/index.php\\\/vyjadrovani\\\/\"]}]},{\"@type\":\"ImageObject\",\"inLanguage\":\"cs\",\"@id\":\"https:\\\/\\\/www.suptel.cz\\\/index.php\\\/vyjadrovani\\\/#primaryimage\",\"url\":\"https:\\\/\\\/www.suptel.cz\\\/wp-content\\\/uploads\\\/2021\\\/07\\\/partneri-1.png\",\"contentUrl\":\"https:\\\/\\\/www.suptel.cz\\\/wp-content\\\/uploads\\\/2021\\\/07\\\/partneri-1.png\",\"width\":1479,\"height\":158},{\"@type\":\"BreadcrumbList\",\"@id\":\"https:\\\/\\\/www.suptel.cz\\\/index.php\\\/vyjadrovani\\\/#breadcrumb\",\"itemListElement\":[{\"@type\":\"ListItem\",\"position\":1,\"name\":\"Dom\u016f\",\"item\":\"https:\\\/\\\/www.suptel.cz\\\/index.php\\\/front-page-deutsch\\\/\"},{\"@type\":\"ListItem\",\"position\":2,\"name\":\"Vyjad\u0159ov\u00e1n\u00ed\"}]},{\"@type\":\"WebSite\",\"@id\":\"https:\\\/\\\/www.suptel.cz\\\/#website\",\"url\":\"https:\\\/\\\/www.suptel.cz\\\/\",\"name\":\"suptel.cz\",\"description\":\"telekomunikace, energetika, stavebnictv\u00ed, doprava a bezpe\u010dnost\",\"publisher\":{\"@id\":\"https:\\\/\\\/www.suptel.cz\\\/#organization\"},\"potentialAction\":[{\"@type\":\"SearchAction\",\"target\":{\"@type\":\"EntryPoint\",\"urlTemplate\":\"https:\\\/\\\/www.suptel.cz\\\/?s={search_term_string}\"},\"query-input\":{\"@type\":\"PropertyValueSpecification\",\"valueRequired\":true,\"valueName\":\"search_term_string\"}}],\"inLanguage\":\"cs\"},{\"@type\":\"Organization\",\"@id\":\"https:\\\/\\\/www.suptel.cz\\\/#organization\",\"name\":\"SUPTel a.s.\",\"url\":\"https:\\\/\\\/www.suptel.cz\\\/\",\"logo\":{\"@type\":\"ImageObject\",\"inLanguage\":\"cs\",\"@id\":\"https:\\\/\\\/www.suptel.cz\\\/#\\\/schema\\\/logo\\\/image\\\/\",\"url\":\"https:\\\/\\\/www.suptel.cz\\\/wp-content\\\/uploads\\\/2021\\\/07\\\/SUPTel-claim-CZ-color-negativ-yellow-white_300.png\",\"contentUrl\":\"https:\\\/\\\/www.suptel.cz\\\/wp-content\\\/uploads\\\/2021\\\/07\\\/SUPTel-claim-CZ-color-negativ-yellow-white_300.png\",\"width\":307,\"height\":155,\"caption\":\"SUPTel a.s.\"},\"image\":{\"@id\":\"https:\\\/\\\/www.suptel.cz\\\/#\\\/schema\\\/logo\\\/image\\\/\"}}]}<\/script>\n<!-- \/ Yoast SEO plugin. -->","yoast_head_json":{"title":"Vyjad\u0159ov\u00e1n\u00ed - suptel.cz","robots":{"index":"index","follow":"follow","max-snippet":"max-snippet:-1","max-image-preview":"max-image-preview:large","max-video-preview":"max-video-preview:-1"},"canonical":"https:\/\/www.suptel.cz\/index.php\/vyjadrovani\/","og_locale":"cs_CZ","og_type":"article","og_title":"Vyjad\u0159ov\u00e1n\u00ed - suptel.cz","og_description":"N\u00e1sleduj\u00edc\u00ed informace se t\u00fdkaj\u00ed vyjad\u0159ov\u00e1n\u00ed v&nbsp;\u010cesk\u00e9 republice, informace pro Slovensko jsou zde. VYJ\u00c1D\u0158EN\u00cd K&nbsp;EXISTENCI TECHNICK\u00c9 INFRASTRUKTURY Na z\u00e1klad\u011b \u00a7 168 odst. B),&nbsp; z\u00e1kona \u010d\u00edslo 283\/2021 Sb., stavebn\u00ed z\u00e1kon spole\u010dnost SUPTel a.s. vyd\u00e1v\u00e1 vyj\u00e1d\u0159en\u00ed k&nbsp;existenci technick\u00e9 infrastruktury. Na vy\u017e\u00e1d\u00e1n\u00ed stavebn\u00edka (stavebn\u00edho \u00fa\u0159adu apod.) jsou vyd\u00e1v\u00e1na dle jednotliv\u00fdch \u017e\u00e1dost\u00ed vyj\u00e1d\u0159en\u00ed k&nbsp;s\u00edti a za\u0159\u00edzen\u00ed elektronick\u00fdch komunikac\u00ed ve vlastnictv\u00ed [&hellip;]","og_url":"https:\/\/www.suptel.cz\/index.php\/vyjadrovani\/","og_site_name":"suptel.cz","article_modified_time":"2025-09-03T11:33:10+00:00","og_image":[{"width":1479,"height":158,"url":"https:\/\/www.suptel.cz\/wp-content\/uploads\/2021\/07\/partneri-1.png","type":"image\/png"}],"twitter_card":"summary_large_image","twitter_misc":{"Odhadovan\u00e1 doba \u010dten\u00ed":"1 minuta"},"schema":{"@context":"https:\/\/schema.org","@graph":[{"@type":"WebPage","@id":"https:\/\/www.suptel.cz\/index.php\/vyjadrovani\/","url":"https:\/\/www.suptel.cz\/index.php\/vyjadrovani\/","name":"Vyjad\u0159ov\u00e1n\u00ed - suptel.cz","isPartOf":{"@id":"https:\/\/www.suptel.cz\/#website"},"primaryImageOfPage":{"@id":"https:\/\/www.suptel.cz\/index.php\/vyjadrovani\/#primaryimage"},"image":{"@id":"https:\/\/www.suptel.cz\/index.php\/vyjadrovani\/#primaryimage"},"thumbnailUrl":"http:\/\/www.suptel.cz\/wp-content\/uploads\/2021\/07\/partneri-1.png","datePublished":"2021-07-02T06:55:45+00:00","dateModified":"2025-09-03T11:33:10+00:00","breadcrumb":{"@id":"https:\/\/www.suptel.cz\/index.php\/vyjadrovani\/#breadcrumb"},"inLanguage":"cs","potentialAction":[{"@type":"ReadAction","target":["https:\/\/www.suptel.cz\/index.php\/vyjadrovani\/"]}]},{"@type":"ImageObject","inLanguage":"cs","@id":"https:\/\/www.suptel.cz\/index.php\/vyjadrovani\/#primaryimage","url":"https:\/\/www.suptel.cz\/wp-content\/uploads\/2021\/07\/partneri-1.png","contentUrl":"https:\/\/www.suptel.cz\/wp-content\/uploads\/2021\/07\/partneri-1.png","width":1479,"height":158},{"@type":"BreadcrumbList","@id":"https:\/\/www.suptel.cz\/index.php\/vyjadrovani\/#breadcrumb","itemListElement":[{"@type":"ListItem","position":1,"name":"Dom\u016f","item":"https:\/\/www.suptel.cz\/index.php\/front-page-deutsch\/"},{"@type":"ListItem","position":2,"name":"Vyjad\u0159ov\u00e1n\u00ed"}]},{"@type":"WebSite","@id":"https:\/\/www.suptel.cz\/#website","url":"https:\/\/www.suptel.cz\/","name":"suptel.cz","description":"telekomunikace, energetika, stavebnictv\u00ed, doprava a bezpe\u010dnost","publisher":{"@id":"https:\/\/www.suptel.cz\/#organization"},"potentialAction":[{"@type":"SearchAction","target":{"@type":"EntryPoint","urlTemplate":"https:\/\/www.suptel.cz\/?s={search_term_string}"},"query-input":{"@type":"PropertyValueSpecification","valueRequired":true,"valueName":"search_term_string"}}],"inLanguage":"cs"},{"@type":"Organization","@id":"https:\/\/www.suptel.cz\/#organization","name":"SUPTel a.s.","url":"https:\/\/www.suptel.cz\/","logo":{"@type":"ImageObject","inLanguage":"cs","@id":"https:\/\/www.suptel.cz\/#\/schema\/logo\/image\/","url":"https:\/\/www.suptel.cz\/wp-content\/uploads\/2021\/07\/SUPTel-claim-CZ-color-negativ-yellow-white_300.png","contentUrl":"https:\/\/www.suptel.cz\/wp-content\/uploads\/2021\/07\/SUPTel-claim-CZ-color-negativ-yellow-white_300.png","width":307,"height":155,"caption":"SUPTel a.s."},"image":{"@id":"https:\/\/www.suptel.cz\/#\/schema\/logo\/image\/"}}]}},"_links":{"self":[{"href":"https:\/\/www.suptel.cz\/index.php\/wp-json\/wp\/v2\/pages\/29","targetHints":{"allow":["GET"]}}],"collection":[{"href":"https:\/\/www.suptel.cz\/index.php\/wp-json\/wp\/v2\/pages"}],"about":[{"href":"https:\/\/www.suptel.cz\/index.php\/wp-json\/wp\/v2\/types\/page"}],"author":[{"embeddable":true,"href":"https:\/\/www.suptel.cz\/index.php\/wp-json\/wp\/v2\/users\/1"}],"replies":[{"embeddable":true,"href":"https:\/\/www.suptel.cz\/index.php\/wp-json\/wp\/v2\/comments?post=29"}],"version-history":[{"count":20,"href":"https:\/\/www.suptel.cz\/index.php\/wp-json\/wp\/v2\/pages\/29\/revisions"}],"predecessor-version":[{"id":15572,"href":"https:\/\/www.suptel.cz\/index.php\/wp-json\/wp\/v2\/pages\/29\/revisions\/15572"}],"wp:attachment":[{"href":"https:\/\/www.suptel.cz\/index.php\/wp-json\/wp\/v2\/media?parent=29"}],"curies":[{"name":"wp","href":"https:\/\/api.w.org\/{rel}","templated":true}]}}